14
Calculate the remainder when 323970 is divided by 345.
15
What is the remainder when 83270 is divided by 41?
40
Calculate the remainder when 20425 is divided by 1450.
125
What is the remainder when 17920 is divided by 314?
22
Calculate the remainder when 27379 is divided by 854.
51
What is the remainder when 5062 is divided by 83?
82
Calculate the remainder when 299201 is divided by 78.
71
What is the remainder when 50947 is divided by 10188?
7
What is the remainder when 647565 is divided by 1595?
1590
Calculate the remainder when 65628 is divided by 97.
56
Calculate the remainder when 38733 is divided by 403.
45
Calculate the remainder when 53988 is divided by 3598.
18
Calculate the remainder when 2334 is divided by 246.
120
Calculate the remainder when 825 is divided by 40.
25
What is the remainder when 163463 is divided by 56?
55
What is the remainder when 812 is divided by 603?
209
What is the remainder when 8739942 is divided by 835?
832
Calculate the remainder when 3279 is divided by 80.
79
Calculate the remainder when 14206 is divided by 46.
38
What is the remainder when 47269 is divided by 3374?
33
What is the remainder when 6552 is divided by 112?
56
Calculate the remainder when 1211 is divided by 434.
343
What is the remainder when 61274 is divided by 988?
18
What is the remainder when 4103 is divided by 215?
18
What is the remainder when 2853 is divided by 715?
708
What is the remainder when 10340 is divided by 5154?
32
What is the remainder when 9817 is divided by 611?
41
Calculate the remainder when 3113 is divided by 74.
5
Calculate the remainder when 188501 is divided by 5235.
41
Calculate the remainder when 44689 is divided by 1396.
17
Calculate the remainder when 668497 is divided by 843.
841
What is the remainder when 38137 is divided by 84?
1
Calculate the remainder when 27915 is divided by 13941.
33
Calculate the remainder when 2998 is divided by 15.
13
Calculate the remainder when 20125 is divided by 157.
29
Calculate the remainder when 47147 is divided by 162.
5
What is the remainder when 19588 is divided by 2443?
44
Calculate the remainder when 3126 is divided by 25.
1
What is the remainder when 307 is divided by 74?
11
Calculate the remainder when 151051 is divided by 25169.
37
What is the remainder when 97502 is divided by 551?
526
What is the remainder when 1479 is divided by 563?
353
Calculate the remainder when 14142 is divided by 21.
9
What is the remainder when 333861 is divided by 18?
15
Calculate the remainder when 4484987 is divided by 171.
170
What is the remainder when 23884 is divided by 1044?
916
What is the remainder when 7183 is divided by 164?
131
What is the remainder when 44449 is divided by 88?
9
Calculate the remainder when 245950 is divided by 64.
62
Calculate the remainder when 401 is divided by 399.
2
Calculate the remainder when 2923 is divided by 21.
4
Calculate the remainder when 573 is divided by 523.
50
Calculate the remainder when 1165 is divided by 85.
60
What is the remainder when 5555 is divided by 14?
11
What is the remainder when 61786 is divided by 44?
10
What is the remainder when 945805 is divided by 19?
4
Calculate the remainder when 201992 is divided by 181.
177
What is the remainder when 1335907 is divided by 57?
55
What is the remainder when 28147 is divided by 40?
27
Calculate the remainder when 15458 is divided by 7725.
8
Calculate the remainder when 54358 is divided by 11.
7
What is the remainder when 504 is divided by 250?
4
Calculate the remainder when 18912 is divided by 700.
12
What is the remainder when 2660 is divided by 473?
295
Calculate the remainder when 25017 is divided by 36.
33
What is the remainder when 15712 is divided by 19?
18
Calculate the remainder when 16890 is divided by 117.
42
What is the remainder when 2739 is divided by 202?
113
What is the remainder when 11436 is divided by 293?
9
What is the remainder when 1432 is divided by 439?
115
What is the remainder when 1292 is divided by 32?
12
What is the remainder when 2039 is divided by 380?
139
Calculate the remainder when 504 is divided by 79.
30
Calculate the remainder when 16414 is divided by 225.
214
What is the remainder when 1980 is divided by 1?
0
What is the remainder when 33677 is divided by 8404?
61
What is the remainder when 385012 is divided by 149?
145
Calculate the remainder when 15740 is divided by 49.
11
What is the remainder when 731 is divided by 334?
63
What is the remainder when 404793 is divided by 34?
23
What is the remainder when 335491 is divided by 83870?
11
What is the remainder when 211047 is divided by 62?
61
Calculate the remainder when 14959 is divided by 80.
79
What is the remainder when 14527 is divided by 217?
205
Calculate the remainder when 40653 is divided by 8.
5
What is the remainder when 10954 is divided by 710?
304
What is the remainder when 38402 is divided by 893?
3
Calculate the remainder when 3166 is divided by 557.
381
Calculate the remainder when 91481 is divided by 22868.
9
What is the remainder when 4200 is divided by 1031?
76
What is the remainder when 24944 is divided by 3447?
815
What is the remainder when 193077 is divided by 35?
17
What is the remainder when 1595 is divided by 21?
20
What is the remainder when 560179 is divided by 533?
529
What is the remainder when 670341 is divided by 408?
405
What is the remainder when 288830 is divided by 24?
14
Calculate the remainder when 1313 is divided by 3.
2
What is the remainder when 15138 is divided by 1080?
18
What is the remainder when 23667 is divided by 11?
6
Calculate the remainder when 4467 is divided by 979.
551
Calculate the remainder when 3484 is divided by 687.
49
What is the remainder when 74733 is divided by 158?
157
What is the remainder when 66429 is divided by 16515?
369
What is the remainder when 780 is divided by 137?
95
What is the remainder when 38095 is divided by 247?
57
Calculate the remainder when 2544 is divided by 637.
633
What is the remainder when 119144 is divided by 105?
74
What is the remainder when 240266 is divided by 242?
202
What is the remainder when 1463 is divided by 77?
0
Calculate the remainder when 7536 is divided by 93.
3
Calculate the remainder when 14967 is divided by 169.
95
What is the remainder when 44456 is divided by 14815?
11
Calculate the remainder when 49797 is divided by 150.
147
Calculate the remainder when 7167 is divided by 20.
7
What is the remainder when 193503 is divided by 4117?
4
Calculate the remainder when 8667 is divided by 1079.
35
What is the remainder when 1774592 is divided by 46?
4
Calculate the remainder when 22868 is divided by 192.
20
What is the remainder when 2922 is divided by 163?
151
What is the remainder when 9966 is divided by 353?
82
Calculate the remainder when 11391 is divided by 1567.
422
What is the remainder when 16854 is divided by 5596?
66
What is the remainder when 43200 is divided by 600?
0
What is the remainder when 871944 is divided by 418?
414
Calculate the remainder when 3249 is divided by 2541.
708
What is the remainder when 165831 is divided by 111?
108
What is the remainder when 1747 is divided by 317?
162
Calculate the remainder when 8093 is divided by 1189.
959
What is the remainder when 1162722 is divided by 185?
182
What is the remainder when 1250 is divided by 685?
565
What is the remainder when 11754 is divided by 31?
5
Calculate the remainder when 4609 is divided by 522.
433
What is the remainder when 10544 is divided by 440?
424
Calculate the remainder when 56666 is divided by 14163.
14
What is the remainder when 673 is divided by 645?
28
What is the remainder when 25354 is divided by 12587?
180
Calculate the remainder when 59169 is divided by 4.
1
What is the remainder when 820221 is divided by 1075?
1071
What is the remainder when 3392 is divided by 288?
224
Calculate the remainder when 92734 is divided by 52.
18
Calculate the remainder when 17537 is divided by 15.
2
Calculate the remainder when 2670 is divided by 170.
120
What is the remainder when 144052 is divided by 47953?
193
What is the remainder when 3160 is divided by 2891?
269
What is the remainder when 7688 is divided by 35?
23
Calculate the remainder when 19439 is divided by 141.
122
What is the remainder when 1375 is divided by 475?
42